{"id":1736,"date":"2026-04-08T11:43:55","date_gmt":"2026-04-08T11:43:55","guid":{"rendered":"https:\/\/gbv-haidhof-riedenburg.de\/?page_id=1736"},"modified":"2026-04-08T11:46:17","modified_gmt":"2026-04-08T11:46:17","slug":"haidhofer-pflanzentausch","status":"publish","type":"page","link":"https:\/\/gbv-haidhof-riedenburg.de\/?page_id=1736","title":{"rendered":"Haidhofer Pflanzentausch"},"content":{"rendered":"\n<p><strong>Haidhofer Pflanzentausch mit Kinder-Aktion am Samstag, den 25. April 2026 ab 16:00 Uhr auf der Streuobstwiese in Haidhof.<\/strong><br><br>F\u00fcr alle Mitglieder und solche die es werden wollen. <br>Ungezwungener Treff zum Tauschen und Fachsimpeln &#8211; f\u00fcr einen gelungenen Start in die Gartensaison. <br>\u00dcrige Pfl\u00e4nzchen einfach mitbringen &#8211; vorgezogene Gem\u00fcsepfl\u00e4nzchen, geteilte Stauden, Ableger, Zimmerpflanzen, etc&#8230; Beschriften der Pfl\u00e4nzchen bitte nicht vergessen!\u00a0<br><br>F\u00fcr die Kinder gibt es eine Bastelaktion und wir bepflanzen gemeinsam unser Hochbeet.<\/p>\n\n\n\n<p>Anschlie\u00dfend machen wir Brotzeit am Lagerfeuer &#8211; auch f\u00fcr Getr\u00e4nke ist gesorgt!<\/p>\n\n\n\n<p><strong>WICHTIG:<\/strong> Bitte Teller und Besteck selbst mitbringen!<br><br><strong>Hinweis<\/strong>: die &#8222;gro\u00dfe&#8220; Pflanzentauschb\u00f6rse am Stadtweiher (\u00fcblicherweise am 1. Mai) findet in diesem Jahr nicht statt.<\/p>\n","protected":false},"excerpt":{"rendered":"<p>Haidhofer Pflanzentausch mit Kinder-Aktion am Samstag, den 25. April 2026 ab 16:00 Uhr auf der Streuobstwiese in Haidhof. F\u00fcr alle Mitglieder und solche die es werden wollen. Ungezwungener Treff zum Tauschen und Fachsimpeln &#8211; f\u00fcr einen gelungenen Start in die Gartensaison. \u00dcrige Pfl\u00e4nzchen einfach mitbringen &#8211; vorgezogene Gem\u00fcsepfl\u00e4nzchen, geteilte Stauden, Ableger, Zimmerpflanzen, etc&#8230; Beschriften der <a class=\"read-more\" href=\"https:\/\/gbv-haidhof-riedenburg.de\/?page_id=1736\">Read More<\/a><\/p>\n","protected":false},"author":1,"featured_media":1742,"parent":43,"menu_order":0,"comment_status":"closed","ping_status":"closed","template":"","meta":{"footnotes":""},"class_list":["post-1736","page","type-page","status-publish","has-post-thumbnail","hentry","with-featured-image"],"_links":{"self":[{"href":"https:\/\/gbv-haidhof-riedenburg.de\/index.php?rest_route=\/wp\/v2\/pages\/1736","targetHints":{"allow":["GET"]}}],"collection":[{"href":"https:\/\/gbv-haidhof-riedenburg.de\/index.php?rest_route=\/wp\/v2\/pages"}],"about":[{"href":"https:\/\/gbv-haidhof-riedenburg.de\/index.php?rest_route=\/wp\/v2\/types\/page"}],"author":[{"embeddable":true,"href":"https:\/\/gbv-haidhof-riedenburg.de\/index.php?rest_route=\/wp\/v2\/users\/1"}],"replies":[{"embeddable":true,"href":"https:\/\/gbv-haidhof-riedenburg.de\/index.php?rest_route=%2Fwp%2Fv2%2Fcomments&post=1736"}],"version-history":[{"count":2,"href":"https:\/\/gbv-haidhof-riedenburg.de\/index.php?rest_route=\/wp\/v2\/pages\/1736\/revisions"}],"predecessor-version":[{"id":1740,"href":"https:\/\/gbv-haidhof-riedenburg.de\/index.php?rest_route=\/wp\/v2\/pages\/1736\/revisions\/1740"}],"up":[{"embeddable":true,"href":"https:\/\/gbv-haidhof-riedenburg.de\/index.php?rest_route=\/wp\/v2\/pages\/43"}],"wp:featuredmedia":[{"embeddable":true,"href":"https:\/\/gbv-haidhof-riedenburg.de\/index.php?rest_route=\/wp\/v2\/media\/1742"}],"wp:attachment":[{"href":"https:\/\/gbv-haidhof-riedenburg.de\/index.php?rest_route=%2Fwp%2Fv2%2Fmedia&parent=1736"}],"curies":[{"name":"wp","href":"https:\/\/api.w.org\/{rel}","templated":true}]}}