{"id":1748,"date":"2026-05-11T10:59:04","date_gmt":"2026-05-11T10:59:04","guid":{"rendered":"https:\/\/gbv-haidhof-riedenburg.de\/?page_id=1748"},"modified":"2026-05-11T11:28:27","modified_gmt":"2026-05-11T11:28:27","slug":"ausflug-weihenstephaner-gaerten-und-muehlbachcafe-gaertnerei-moosburg","status":"publish","type":"page","link":"https:\/\/gbv-haidhof-riedenburg.de\/?page_id=1748","title":{"rendered":"Ausflug Weihenstephaner G\u00e4rten und M\u00fchlbachcaf\u00e9\/-g\u00e4rtnerei Moosburg"},"content":{"rendered":"\n<p><strong><mark style=\"background-color:rgba(0, 0, 0, 0)\" class=\"has-inline-color has-vivid-red-color\">am Samstag, 4. Juli 2026<\/mark><\/strong><\/p>\n\n\n\n<p>Liebe Vereinsmitglieder und Nicht-Mitglieder,<\/p>\n\n\n\n<p>wir m\u00f6chten Euch herzlich zu unserer Vereinsfahrt einladen! <br>Unser erster Halt am Vormittag werden die Weihenstephaner G\u00e4rten sein, wo wir eine exklusive F\u00fchrung durch den bl\u00fchenden Sichtungsgarten der Hochschule Weihenstephan-Triesdorf bekommen.<\/p>\n\n\n\n<p>Bevor wir zu unserem n\u00e4chsten Ziel aufbrechen, gibt es noch gen\u00fcgend Zeit f\u00fcr eine gemeinsame Mittagspause in der Orangerie und die Besichtigung der weiteren Weihenstephaner G\u00e4rten auf eigene Faust &#8211; es gibt viel zu entdecken: Sichtungsgarten, Balkonpflanzen-Schauanlage, Kleingarten, Hofgarten, Parterregarten, Oberdieckgarten und Arboretum (weitere Infos siehe unten).<\/p>\n\n\n\n<p>Am Nachmittag geht es weiter ins M\u00fchlbachcaf\u00e9 in Moosburg, wo wir bei Kr\u00e4uterduft und bunter Blumenpracht ein gutes St\u00fcck hausgemachten Kuchen genie\u00dfen d\u00fcrfen. In der M\u00fchlbachg\u00e4rtnerei, in der sich das Caf\u00e9 befindet, haben wir au\u00dferdem die M\u00f6glichkeit Pflanzen zu kaufen und mit nach Hause&nbsp;zu nehmen.<\/p>\n\n\n\n<p><strong>Programm:<\/strong><\/p>\n\n\n\n<figure class=\"wp-block-table is-style-stripes\"><table><tbody><tr><td>Abfahrt Bush\u00e4usl Haidhof<\/td><td><\/td><td class=\"has-text-align-right\" data-align=\"right\">7:30 Uhr<\/td><\/tr><tr><td>Abfahrt RID Gro\u00dfparkplatz<\/td><td><\/td><td class=\"has-text-align-right\" data-align=\"right\">7:40 Uhr<\/td><\/tr><tr><td>F\u00fchrung durch den Staudensichtungsgarten<\/td><td><\/td><td class=\"has-text-align-right\" data-align=\"right\">9:30 Uhr &#8211; 11 Uhr<\/td><\/tr><tr><td>Gemeinsames Mittagessen in der Orangerie<\/td><td><\/td><td class=\"has-text-align-right\" data-align=\"right\">11:15 Uhr<\/td><\/tr><tr><td>danach Erkundung der Weihenstephaner G\u00e4rten auf eigene Faust<\/td><td><\/td><td class=\"has-text-align-right\" data-align=\"right\">bis 13:30 Uhr<\/td><\/tr><tr><td>Weiterfahrt nach Moosburg<\/td><td><\/td><td class=\"has-text-align-right\" data-align=\"right\">Abfahrt 13:30 Uhr<\/td><\/tr><tr><td>Kaffee &amp; Kuchen in der M\u00fchlbachg\u00e4rtnerei\/-caf\u00e9 Moosburg<\/td><td><\/td><td class=\"has-text-align-right\" data-align=\"right\">ab ca. 14:00 Uhr<\/td><\/tr><tr><td>R\u00fcckfahrt<\/td><td><\/td><td class=\"has-text-align-right\" data-align=\"right\">16:00 Uhr<\/td><\/tr><\/tbody><\/table><\/figure>\n\n\n\n<p><strong>Kosten f\u00fcr Fahrt pro Person inkl. F\u00fchrung im Sichtungsgarten:<\/strong><\/p>\n\n\n\n<figure class=\"wp-block-table is-style-stripes\"><table><tbody><tr><td>Mitglieder<\/td><td class=\"has-text-align-right\" data-align=\"right\">15 \u20ac<\/td><\/tr><tr><td>Nichtmitglieder<\/td><td class=\"has-text-align-right\" data-align=\"right\">30 \u20ac<\/td><\/tr><tr><td>Kinder bis 15 Jahre<\/td><td class=\"has-text-align-right\" data-align=\"right\">10 \u20ac<\/td><\/tr><\/tbody><\/table><\/figure>\n\n\n\n<p><strong>Preis beinhaltet NICHT Kosten f\u00fcr Getr\u00e4nke, Mittagessen und Kaffee und Kuchen. <\/strong><\/p>\n\n\n\n<p>Der Ausflug findet bei jedem Wetter statt und wer mitf\u00e4hrt sollte gut zu Fu\u00df sein, da die G\u00e4rten recht gro\u00df\/weitl\u00e4ufig sind.<\/p>\n\n\n\n<p><strong>Anmeldung bei:<br>Marina Fischer 0176 \/ 64302695 oder info@gbv-haidhof-riedenburg.de <\/strong><br><\/p>\n\n\n\n<p>Infos zu den Ausflugszielen: <br><a href=\"https:\/\/www.weihenstephaner-gaerten.de\/die-gaerten\" target=\"_blank\" rel=\"noreferrer noopener\">https:\/\/www.weihenstephaner-gaerten.de\/die-gaerten<\/a><br><a href=\"https:\/\/www.orangerie-cafe.de\/\" target=\"_blank\" rel=\"noreferrer noopener\">https:\/\/www.orangerie-cafe.de\/<\/a><br><a href=\"https:\/\/www.die-muehlbachgaertnerei.de\/home\" target=\"_blank\" rel=\"noreferrer noopener\">https:\/\/www.die-muehlbachgaertnerei.de\/home\/<\/a><\/p>\n\n\n\n<p><\/p>\n","protected":false},"excerpt":{"rendered":"<p>am Samstag, 4. Juli 2026 Liebe Vereinsmitglieder und Nicht-Mitglieder, wir m\u00f6chten Euch herzlich zu unserer Vereinsfahrt einladen! Unser erster Halt am Vormittag werden die Weihenstephaner G\u00e4rten sein, wo wir eine exklusive F\u00fchrung durch den bl\u00fchenden Sichtungsgarten der Hochschule Weihenstephan-Triesdorf bekommen. Bevor wir zu unserem n\u00e4chsten Ziel aufbrechen, gibt es noch gen\u00fcgend Zeit f\u00fcr eine gemeinsame <a class=\"read-more\" href=\"https:\/\/gbv-haidhof-riedenburg.de\/?page_id=1748\">Read More<\/a><\/p>\n","protected":false},"author":1,"featured_media":0,"parent":43,"menu_order":0,"comment_status":"closed","ping_status":"closed","template":"","meta":{"footnotes":""},"class_list":["post-1748","page","type-page","status-publish","hentry","without-featured-image"],"_links":{"self":[{"href":"https:\/\/gbv-haidhof-riedenburg.de\/index.php?rest_route=\/wp\/v2\/pages\/1748","targetHints":{"allow":["GET"]}}],"collection":[{"href":"https:\/\/gbv-haidhof-riedenburg.de\/index.php?rest_route=\/wp\/v2\/pages"}],"about":[{"href":"https:\/\/gbv-haidhof-riedenburg.de\/index.php?rest_route=\/wp\/v2\/types\/page"}],"author":[{"embeddable":true,"href":"https:\/\/gbv-haidhof-riedenburg.de\/index.php?rest_route=\/wp\/v2\/users\/1"}],"replies":[{"embeddable":true,"href":"https:\/\/gbv-haidhof-riedenburg.de\/index.php?rest_route=%2Fwp%2Fv2%2Fcomments&post=1748"}],"version-history":[{"count":13,"href":"https:\/\/gbv-haidhof-riedenburg.de\/index.php?rest_route=\/wp\/v2\/pages\/1748\/revisions"}],"predecessor-version":[{"id":1782,"href":"https:\/\/gbv-haidhof-riedenburg.de\/index.php?rest_route=\/wp\/v2\/pages\/1748\/revisions\/1782"}],"up":[{"embeddable":true,"href":"https:\/\/gbv-haidhof-riedenburg.de\/index.php?rest_route=\/wp\/v2\/pages\/43"}],"wp:attachment":[{"href":"https:\/\/gbv-haidhof-riedenburg.de\/index.php?rest_route=%2Fwp%2Fv2%2Fmedia&parent=1748"}],"curies":[{"name":"wp","href":"https:\/\/api.w.org\/{rel}","templated":true}]}}