{"id":238,"date":"2019-07-25T07:29:18","date_gmt":"2019-07-25T07:29:18","guid":{"rendered":"https:\/\/gbv-haidhof-riedenburg.de\/?page_id=238"},"modified":"2021-11-01T14:45:02","modified_gmt":"2021-11-01T14:45:02","slug":"presseberichte","status":"publish","type":"page","link":"https:\/\/gbv-haidhof-riedenburg.de\/?page_id=238","title":{"rendered":"Presseberichte"},"content":{"rendered":"\n<p><a href=\"https:\/\/www.donaukurier.de\/lokales\/riedenburg\/Erloes-aus-dem-Kuerbisfest-gespendet;art602,4824056\"><strong>Von Gartenbauvereinen erwirtschaftetes Geld geht an BRK-Kleiderladl und Schulgarten der Grund- und Mittelschule<\/strong><\/a><br>Riedenburg &#8211; Das gemeinsame K\u00fcrbisfest der Gartenbauvereine Baiersdorf-Prunn und Haidhof am 3. Oktober hat einen Reinerl\u00f6s von 500 Euro erbracht, der zu gleichen Teilen an das Kleiderladl des BRK und an den Schulgarten der Riedenburger Mittelschule gespendet wurde. Cornelia Meyer \u00fcbernahm den 250-Euro-Spendenscheck vom Prunner Vorsitzenden Wolfgang Hubert, f\u00fcr den Schulgarten nahm Evi Jahl die gleiche Spende von Miriam Fischer entgegen.<\/p>\n\n\n\n<hr class=\"wp-block-separator\"\/>\n\n\n\n<p><a href=\"https:\/\/www.donaukurier.de\/lokales\/riedenburg\/Lieferengpass-schmaelert-den-Spass-nicht;art602,4817017\"><strong>Riesiger Zulauf beim K\u00fcrbisfest am Riedenburger Stadtweiher<\/strong><\/a><br>Riedenburg &#8211; Der Besucherandrang auf das K\u00fcrbisfest ist am Sonntagnachmittag von Beginn an gewaltig gewesen.<\/p>\n\n\n\n<hr class=\"wp-block-separator\"\/>\n\n\n\n<p><a href=\"https:\/\/www.donaukurier.de\/lokales\/riedenburg\/Kuerbisfest-am-Stadtweiher;art602,4812466\"><strong>Riedenburger feiern am 3. Oktober<\/strong><\/a><br>Riedenburg &#8211; In verschiedenen Variationen von K\u00fcrbis schwelgen k\u00f6nnen die Besucher des K\u00fcrbisfestes am Sonntag, 3. Oktober, von 14 Uhr bis 17 Uhr am Pavillon beim Stadtweiher. Als Kulturbeauftragte der Stadt organisiert Karin Dachs (CSU) zusammen mit den Gartenbauvereinen Baiersdorf-Prunn und Haidhof dieses sowohl kulinarische wie erlebnisreiche Treffen.<\/p>\n\n\n\n<hr class=\"wp-block-separator\"\/>\n\n\n\n<p><a href=\"https:\/\/www.donaukurier.de\/lokales\/riedenburg\/Tausche-Philodendron-gegen-Kraeuter;art602,4771753\"><strong>Pflanzenspaziergang lockt am Samstag viele Gartenfreunde zum Riedenburger Stadtweiher<\/strong><\/a><br>F\u00fcr die einen war es wohl nur ein entspannter Spaziergang am Riedenburger Stadtweiher, f\u00fcr die anderen aber das wohl spannendste Hobby-G\u00e4rtnererlebnis der noch jungen Saison. Gemeint ist in beiden F\u00e4llen der Pflanzenspaziergang vom Samstagnachmittag, den die Gartenbauvereine Haidhof und Baiersdorf-Prunn zusammen mit Karin Dachs (CSU) als Kulturbeauftragter des Riedenburger Stadtrats eigentlich als Notbehelf in Corona-Zeiten organisiert hatten.<\/p>\n\n\n\n<hr class=\"wp-block-separator\"\/>\n\n\n\n<p><a href=\"https:\/\/www.donaukurier.de\/lokales\/riedenburg\/Spaziergang-der-Hobbygaertner-um-den-Stadtweiher;art602,4767980\"><strong>Landratsamt stimmt zu: Die Riedenburger Pflanzentauschb\u00f6rse kann am 8. Mai in au\u00dfergew\u00f6hnlicher Weise stattfinden<\/strong><\/a><br>Riedenburg &#8211; Die bei Hobbyg\u00e4rtnern beliebte Pflanzentauschb\u00f6rse von Riedenburg, bei der die Obst- und Gartenbauvereine Haidhof und Baiersdorf-Prunn vor der Corona-Pandemie ihre frisch rankenden Blumen- und Gem\u00fcses\u00e4mlinge zum Tausch angeboten hatten, kann auch heuer nicht in der bisherigen Form stattfinden. Doch die CSU-Stadtr\u00e4tin und Kulturbeauftragte Karin Dachs hatte eine pfiffige Idee, wie Pflanzens\u00e4mlinge und Hobbyg\u00e4rtner trotz aller Pandemie-Widrigkeiten doch noch zueinander finden.<\/p>\n\n\n\n<hr class=\"wp-block-separator\"\/>\n\n\n\n<p><a href=\"https:\/\/www.donaukurier.de\/lokales\/riedenburg\/Covid-19-Lust-aufs-Garteln-vergeht-nicht;art602,4747355\"><strong>Gartenbauvereine mussten viele Ausf\u00e4lle verschmerzen &#8211; Pflanzentauschb\u00f6rse findet statt<\/strong><\/a><br>Riedenburg &#8211; Alle Vereine leiden unter den Folgen der Corona-Pandemie &#8211; den Gartenbauvereinen geht es da nicht anders. Auch bei ihnen mussten die planm\u00e4\u00dfigen Versammlungen ausfallen, der Austausch zwischen den Mitgliedern funktioniert nicht mehr so problemlos wie fr\u00fcher. Eine Veranstaltung mit gro\u00dfer Au\u00dfenwirkung &#8211; die Riedenburger Pflanzentauschb\u00f6rse &#8211; d\u00fcrfte aber trotz allem am 1. Mai stattfinden. Wenn auch etwas anders als gewohnt.<\/p>\n\n\n\n<hr class=\"wp-block-separator\"\/>\n\n\n\n<p><a href=\"https:\/\/www.donaukurier.de\/lokales\/riedenburg\/Insektenhotel-fuer-die-Streuobstwiese;art602,4657486\"><strong>Gartenbauverein Haidhof-Riedenburg nimmt mit gelungener Aktion am Ferienprogramm teil<\/strong><\/a><br>Haidhof &#8211; Unter der Regie der Vorstandsmitglieder des Gartenbauvereins Haidhof-Riedenburg ist auf der Haidhofer Streuobstwiese ein Insektenhotel gebaut worden. Die Aktion erfolgte am Donnerstag im Rahmen des Ferienprogramms der Stadt Riedenburg. Sieben helfende Erwachsene, sieben Helferkinder und zehn angemeldete Kinder waren beteiligt. Das Angebot war gerne angenommen worden und sehr schnell ausgebucht.<\/p>\n\n\n\n<hr class=\"wp-block-separator\"\/>\n\n\n\n<p><a href=\"https:\/\/www.donaukurier.de\/lokales\/riedenburg\/Suesskartoffeln-und-Duftnesseln;art602,4562412\"><strong>F\u00fcr Beet-Profis und Blumen-Neulinge: Vorsitzende zweier Riedenburger Gartenvereine geben Tipps<\/strong><\/a><br>Riedenburg &#8211; Die Sonne lacht, lediglich Schleierwolken h\u00e4ngen am Himmel, V\u00f6gel pfeifen: Die Natur ruft die Menschen.<\/p>\n\n\n\n<hr class=\"wp-block-separator\"\/>\n\n\n\n<p><a href=\"https:\/\/www.donaukurier.de\/lokales\/riedenburg\/Gartenbauverein-Haidhof-denkt-ueber-neue-Heimstatt-nach;art602,4474106\"><strong>Jahresversammlung der Gartenfreunde<\/strong><\/a><br>Haidhof &#8211; Das derzeit vom Riedenburger Altm\u00fchlfischereiverein genutzte Vereinsheim in der Austra\u00dfe k\u00f6nnte vielleicht demn\u00e4chst dem Gartenbauverein Haidhof-Riedenburg eine neue Heimstatt bieten. Von diesen \u00dcberlegungen im Vorstand berichtete der Vize-Vorsitzende Klaus H\u00e4ckl k\u00fcrzlich bei der Jahresversammlung der Gartenfreunde. Wie berichtet, bauen die Altm\u00fchlfischer derzeit ein neues Vereinsheim im Industriegebiet Haidhof nahe des Badesees St. Agatha. Deshalb wird das von den Fischern bislang genutzte Geb\u00e4ude in der Austra\u00dfe unmittelbar neben den Sportanlagen des Turnvereins frei.<\/p>\n\n\n\n<hr class=\"wp-block-separator\"\/>\n\n\n\n<p><a href=\"https:\/\/www.donaukurier.de\/lokales\/riedenburg\/Kuerbisse-werden-immer-populaerer;art602,4360300\"><strong>Das K\u00fcrbisfest der Gartenbauvereine Haidhof-Riedenburg und Baiersdorf-Prunn erweist sich erneut als Publikumsmagnet<\/strong><\/a><br>Riedenburg (tkr) K\u00fcrbisse schnitzen, Pflanzen tauschen und K\u00fcrbisk\u00f6stlichkeiten probieren: Auch dieses Jahr ist das K\u00fcrbisfest ein voller Erfolg gewesen und hat am Sonntagnachmittag bei strahlendem Sonnenschein zahlreiche Besucher an den Stadtweiher gelockt.<\/p>\n\n\n\n<hr class=\"wp-block-separator\"\/>\n\n\n\n<p><a href=\"https:\/\/www.donaukurier.de\/lokales\/riedenburg\/Unkompliziert-Wuensche-erfuellen;art602,4231239\"><strong>Erl\u00f6s aus der Pflanzentauschb\u00f6rse kommt dem BRK-Kleiderladl und der Schulgarten AG zugute<\/strong><\/a><br>Riedenburg (ksm) Es wird definitiv eine Fortsetzung f\u00fcr die Pflanzentauschb\u00f6rse am Stadtweiher geben: Das k\u00fcndigen Marina Fischer vom Gartenbauverein Haidhof-Riedenburg und Wolfgang Hubert vom Gartenbauverein Baiersdorf-Prunn schon jetzt an.<\/p>\n\n\n\n<hr class=\"wp-block-separator\"\/>\n\n\n\n<p><a href=\"https:\/\/www.donaukurier.de\/lokales\/riedenburg\/Esskastanien-und-Silberlinden-gepflanzt;art602,4184379\"><strong>Spezielle Baumarten helfen den Bienen<\/strong><\/a><br>Dieterzhofen (elw) Andreas Reisinger aus Prunn f\u00fchlt sich als Biolandwirt der Natur sehr verbunden. Seit einer zuf\u00e4lligen Begegnung mit einer Imkerfamilie hat er auch seine Liebe zu den Bienen entdeckt. Daher reifte in ihm der Gedanke, obwohl er selbst dem florierenden Hobby des Imkerns nicht nachgeht, etwas f\u00fcr die Zukunft sowie f\u00fcr diese kleinen Nutztiere zu tun. Deshalb organisierte er eine Baumpflanzaktion.<\/p>\n\n\n\n<hr class=\"wp-block-separator\"\/>\n\n\n\n<p><a href=\"https:\/\/www.donaukurier.de\/lokales\/riedenburg\/Hobbygaertner-treffen-sich-am-Stadtweiher;art602,4169548#\"><strong>Zweite Pflanzentauschb\u00f6rse lockt zahlreiche Besucher an<\/strong><\/a><br>Riedenburg (DK) St\u00e4dtischer Gartenbau, auch Urban Gardening genannt, liegt voll im Trend.<\/p>\n\n\n\n<hr class=\"wp-block-separator\"\/>\n\n\n\n<p><a href=\"https:\/\/www.donaukurier.de\/lokales\/riedenburg\/Buchsbaumzuensler-auf-dem-Vormarsch;art602,4144476\"><strong>Gartenbauvereine und Fachstellen geben Informationen zum Umgang mit dem ostasiatischen Kleinschmetterling<\/strong><\/a><br>Riedenburg\/Haidhof (erv) Wenn der Buchsbaumz\u00fcnsler seinen Vormarsch so vehement und ungebremst fortsetzt wie bisher, m\u00fcssen sich Kleing\u00e4rtner und Parkbesitzer wohl nach einer Alternative f\u00fcr ihre Buchsb\u00e4ume umsehen. Auch der Bauern- und Tagel\u00f6hnerverein Riedenburg muss dann nach einem neuen immergr\u00fcnen Hutanstecker f\u00fcr sein Jahrestreffen suchen.<\/p>\n\n\n\n<hr class=\"wp-block-separator\"\/>\n\n\n\n<p><a href=\"https:\/\/www.donaukurier.de\/lokales\/riedenburg\/Generationswechsel-geglueckt;art602,4067770\"><strong>Gartenbauverein Haidhof-Riedenburg hat komplett neues Vorstandsteam &#8211; Chefin ist Marina Fischer<\/strong><\/a><br>Haidhof\/Riedenburg (smx) Der Generationswechsel ist gegl\u00fcckt: Der Gartenbauverein Haidhof-Riedenburg hat eine komplett neue Vorstandsriege. Neue Chefin ist Marina Fischer, die Inge Halser nach zw\u00f6lf Jahren an der Spitze abl\u00f6st.<\/p>\n\n\n\n<p><\/p>\n","protected":false},"excerpt":{"rendered":"<p>Von Gartenbauvereinen erwirtschaftetes Geld geht an BRK-Kleiderladl und Schulgarten der Grund- und MittelschuleRiedenburg &#8211; Das gemeinsame K\u00fcrbisfest der Gartenbauvereine Baiersdorf-Prunn und Haidhof am 3. Oktober hat einen Reinerl\u00f6s von 500 Euro erbracht, der zu gleichen Teilen an das Kleiderladl des BRK und an den Schulgarten der Riedenburger Mittelschule gespendet wurde. Cornelia Meyer \u00fcbernahm den 250-Euro-Spendenscheck <a class=\"read-more\" href=\"https:\/\/gbv-haidhof-riedenburg.de\/?page_id=238\">Read More<\/a><\/p>\n","protected":false},"author":1,"featured_media":19,"parent":72,"menu_order":0,"comment_status":"closed","ping_status":"closed","template":"","meta":{"footnotes":""},"class_list":["post-238","page","type-page","status-publish","has-post-thumbnail","hentry","with-featured-image"],"_links":{"self":[{"href":"https:\/\/gbv-haidhof-riedenburg.de\/index.php?rest_route=\/wp\/v2\/pages\/238","targetHints":{"allow":["GET"]}}],"collection":[{"href":"https:\/\/gbv-haidhof-riedenburg.de\/index.php?rest_route=\/wp\/v2\/pages"}],"about":[{"href":"https:\/\/gbv-haidhof-riedenburg.de\/index.php?rest_route=\/wp\/v2\/types\/page"}],"author":[{"embeddable":true,"href":"https:\/\/gbv-haidhof-riedenburg.de\/index.php?rest_route=\/wp\/v2\/users\/1"}],"replies":[{"embeddable":true,"href":"https:\/\/gbv-haidhof-riedenburg.de\/index.php?rest_route=%2Fwp%2Fv2%2Fcomments&post=238"}],"version-history":[{"count":13,"href":"https:\/\/gbv-haidhof-riedenburg.de\/index.php?rest_route=\/wp\/v2\/pages\/238\/revisions"}],"predecessor-version":[{"id":1115,"href":"https:\/\/gbv-haidhof-riedenburg.de\/index.php?rest_route=\/wp\/v2\/pages\/238\/revisions\/1115"}],"up":[{"embeddable":true,"href":"https:\/\/gbv-haidhof-riedenburg.de\/index.php?rest_route=\/wp\/v2\/pages\/72"}],"wp:featuredmedia":[{"embeddable":true,"href":"https:\/\/gbv-haidhof-riedenburg.de\/index.php?rest_route=\/wp\/v2\/media\/19"}],"wp:attachment":[{"href":"https:\/\/gbv-haidhof-riedenburg.de\/index.php?rest_route=%2Fwp%2Fv2%2Fmedia&parent=238"}],"curies":[{"name":"wp","href":"https:\/\/api.w.org\/{rel}","templated":true}]}}