{"id":643,"date":"2021-01-29T20:10:28","date_gmt":"2021-01-29T20:10:28","guid":{"rendered":"https:\/\/gbv-haidhof-riedenburg.de\/?page_id=643"},"modified":"2021-02-18T10:45:02","modified_gmt":"2021-02-18T10:45:02","slug":"der-praktische-gartenratgeber","status":"publish","type":"page","link":"https:\/\/gbv-haidhof-riedenburg.de\/?page_id=643","title":{"rendered":"Der praktische Gartenratgeber"},"content":{"rendered":"\n<p>Der praktische Gartenratgeber ist die monatlich erscheinende Fachzeitschrift des Obst- und Gartenbauverlags M\u00fcnchen &#8211; der Verlag des Bayerischen Landesbandes f\u00fcr Gartenbau und Landespflege e.V. (unser Dachverband).<br>Die Zeitschrift beleuchtet vielf\u00e4ltige Gartenthemen und bietet wertvolle Tipps und Anregungen auf fachlich bestem Niveau.<br>Das Abonnement der Zeitschrift ist in unserer Vereinsmitgliedschaft enthalten.<br>Mehr Infos zu den aktuellen Themen und weiteren Bezugsquellen auf <br><a href=\"https:\/\/www.gartenratgeber.de\/\" target=\"_blank\" rel=\"noreferrer noopener\">https:\/\/www.gartenratgeber.de\/<\/a><\/p>\n","protected":false},"excerpt":{"rendered":"<p>Der praktische Gartenratgeber ist die monatlich erscheinende Fachzeitschrift des Obst- und Gartenbauverlags M\u00fcnchen &#8211; der Verlag des Bayerischen Landesbandes f\u00fcr Gartenbau und Landespflege e.V. (unser Dachverband).Die Zeitschrift beleuchtet vielf\u00e4ltige Gartenthemen und bietet wertvolle Tipps und Anregungen auf fachlich bestem Niveau.Das Abonnement der Zeitschrift ist in unserer Vereinsmitgliedschaft enthalten.Mehr Infos zu den aktuellen Themen und weiteren <a class=\"read-more\" href=\"https:\/\/gbv-haidhof-riedenburg.de\/?page_id=643\">Read More<\/a><\/p>\n","protected":false},"author":1,"featured_media":647,"parent":621,"menu_order":2,"comment_status":"closed","ping_status":"closed","template":"","meta":{"footnotes":""},"class_list":["post-643","page","type-page","status-publish","has-post-thumbnail","hentry","with-featured-image"],"_links":{"self":[{"href":"https:\/\/gbv-haidhof-riedenburg.de\/index.php?rest_route=\/wp\/v2\/pages\/643","targetHints":{"allow":["GET"]}}],"collection":[{"href":"https:\/\/gbv-haidhof-riedenburg.de\/index.php?rest_route=\/wp\/v2\/pages"}],"about":[{"href":"https:\/\/gbv-haidhof-riedenburg.de\/index.php?rest_route=\/wp\/v2\/types\/page"}],"author":[{"embeddable":true,"href":"https:\/\/gbv-haidhof-riedenburg.de\/index.php?rest_route=\/wp\/v2\/users\/1"}],"replies":[{"embeddable":true,"href":"https:\/\/gbv-haidhof-riedenburg.de\/index.php?rest_route=%2Fwp%2Fv2%2Fcomments&post=643"}],"version-history":[{"count":2,"href":"https:\/\/gbv-haidhof-riedenburg.de\/index.php?rest_route=\/wp\/v2\/pages\/643\/revisions"}],"predecessor-version":[{"id":648,"href":"https:\/\/gbv-haidhof-riedenburg.de\/index.php?rest_route=\/wp\/v2\/pages\/643\/revisions\/648"}],"up":[{"embeddable":true,"href":"https:\/\/gbv-haidhof-riedenburg.de\/index.php?rest_route=\/wp\/v2\/pages\/621"}],"wp:featuredmedia":[{"embeddable":true,"href":"https:\/\/gbv-haidhof-riedenburg.de\/index.php?rest_route=\/wp\/v2\/media\/647"}],"wp:attachment":[{"href":"https:\/\/gbv-haidhof-riedenburg.de\/index.php?rest_route=%2Fwp%2Fv2%2Fmedia&parent=643"}],"curies":[{"name":"wp","href":"https:\/\/api.w.org\/{rel}","templated":true}]}}